{"id":921,"date":"2023-09-29T18:25:36","date_gmt":"2023-09-29T18:25:36","guid":{"rendered":"https:\/\/agromen.com.py\/?post_type=product&#038;p=921"},"modified":"2023-10-03T21:52:27","modified_gmt":"2023-10-03T21:52:27","slug":"pollo-casero-cuello-pelado-isa-label","status":"publish","type":"product","link":"https:\/\/agromen.com.py\/index.php\/product\/pollo-casero-cuello-pelado-isa-label\/","title":{"rendered":"POLLO CASERO CUELLO PELADO ISA LABEL"},"content":{"rendered":"<p>Su alimentaci\u00f3n debe ser balanceada en las primeras semanas y luego complementada con alimentos alternativos producidos en la propiedad como: granos variados, verduras, frutas, pastos, ra\u00edces y otras.<\/p>\n<p>Alimentados de esa forma el costo baja mucho y la carne queda m\u00e1s consistente y con sabor muy especial como leg\u00edtimo pollo casero.<\/p>\n<p>El pollo casero con edad de abate a los 90 d\u00edas tiene peso promedio de 2,5 Kg a 3,75 kg. Es una buena alternativa para el consumo familiar saludable y tambi\u00e9n como fuente de renta para la venta de pollos y huevos a un mercado de personas exigentes de alimentaci\u00f3n m\u00e1s natural.<\/p>\n","protected":false},"excerpt":{"rendered":"<p>La raza Cuello pelado, ha tomado su nombre de su principal caracter\u00edstica (ausencia de plumas en el cuello). Es de un\u00a0temperamento muy agradable, r\u00fastico, vigoroso, de buena altura y tronco rectangular. Pollo de  doble prop\u00f3sito tanto por la carne como por el huevo. Su tama\u00f1o es m\u00e1s  grande y tiene buena resistencia a las altas temperaturas, ya que el cuello desnudo favorece estas caracter\u00edsticas.<\/p>\n","protected":false},"featured_media":906,"template":"","meta":[],"product_cat":[25],"product_tag":[],"class_list":{"0":"post-921","1":"product","2":"type-product","3":"status-publish","4":"has-post-thumbnail","6":"product_cat-pollos","7":"entry"},"acf":[],"_links":{"self":[{"href":"https:\/\/agromen.com.py\/index.php\/wp-json\/wp\/v2\/product\/921","targetHints":{"allow":["GET"]}}],"collection":[{"href":"https:\/\/agromen.com.py\/index.php\/wp-json\/wp\/v2\/product"}],"about":[{"href":"https:\/\/agromen.com.py\/index.php\/wp-json\/wp\/v2\/types\/product"}],"wp:featuredmedia":[{"embeddable":true,"href":"https:\/\/agromen.com.py\/index.php\/wp-json\/wp\/v2\/media\/906"}],"wp:attachment":[{"href":"https:\/\/agromen.com.py\/index.php\/wp-json\/wp\/v2\/media?parent=921"}],"wp:term":[{"taxonomy":"product_cat","embeddable":true,"href":"https:\/\/agromen.com.py\/index.php\/wp-json\/wp\/v2\/product_cat?post=921"},{"taxonomy":"product_tag","embeddable":true,"href":"https:\/\/agromen.com.py\/index.php\/wp-json\/wp\/v2\/product_tag?post=921"}],"curies":[{"name":"wp","href":"https:\/\/api.w.org\/{rel}","templated":true}]}}